6b - -14857?
17cc5
In base 7, what is -20 - -156300?
156250
In base 5, what is 13030320 - 21110?
13004210
In base 16, what is 79 - -5cb5?
5d2e
In base 5, what is 1211342032 - 13?
1211342014
In base 14, what is 2d - 825b79?
-825b4a
In base 14, what is 639 - -5329d?
538d8
In base 9, what is -24650 - 10804?
-35554
In base 2, what is -1010110111110 - 1001011010100?
-10100010010010
In base 15, what is 15549 - -49?
15593
In base 8, what is -1 + 6450300?
6450277
In base 6, what is -1 - 2425243341?
-2425243342
In base 13, what is -805a959 - -4?
-805a955
In base 13, what is 115c4 + -13b9?
10208
In base 3, what is -100202221 + 22212200?
-220021
In base 13, what is 2136 - -21?
2157
In base 7, what is -43600550 - 24?
-43600604
In base 6, what is -13 - -21355043?
21355030
In base 13, what is -8aa845 + -5?
-8aa84a
In base 13, what is 12b73c7 + 2?
12b73c9
In base 10, what is -2 - 837741?
-837743
In base 5, what is -1442 - 21103120?
-21110112
In base 10, what is 488111 - -27?
488138
In base 8, what is 3760 + 457306?
463266
In base 6, what is 4 + 51343154?
51343202
In base 3, what is -11 - -210101111220202?
210101111220121
In base 8, what is 5741 - 100447?
-72506
In base 10, what is -2961787 + -8?
-2961795
In base 10, what is 12898 + -856?
12042
In base 10, what is -22971 - -865?
-22106
In base 5, what is 104003000304 - 3?
104003000301
In base 7, what is -11345604 + -1425?
-11350332
In base 11, what is 41 - 164a2a?
-164999
In base 6, what is -30514253315 - -3?
-30514253312
In base 5, what is -43 + 101133223?
101133130
In base 16, what is -d6 + 7bd5a?
7bc84
In base 2, what is 10111011100001 - -1110100001110110?
10001011101010111
In base 13, what is -55 - 162b92?
-162c17
In base 10, what is -227 + 2427775?
2427548
In base 14, what is -84d8 + -22?
-851a
In base 6, what is 311322 - -4122?
315444
In base 4, what is -10013320213 - -20122?
-10013300031
In base 5, what is -110414422 + -10?
-110414432
In base 7, what is -561 + 160615?
160024
In base 9, what is -622377104 + -2?
-622377106
In base 3, what is -12000102021 - -2102?
-12000022212
In base 4, what is -1310 - -112323310332?
112323303022
In base 15, what is -1323a6 + 6?
-1323a0
In base 15, what is -165c98 - 3?
-165c9b
In base 12, what is -42 - 76976?
-769b8
In base 12, what is 1 - 1b9a717?
-1b9a716
In base 2, what is 10100101 + 10110111011101100010010?
10110111011101110110111
In base 10, what is 3386 - 1740?
1646
In base 11, what is 6 + 1438043?
1438049
In base 6, what is 33 - 4254454?
-4254421
In base 7, what is 4 - -11053152066?
11053152103
In base 16, what is b137e6f + -1?
b137e6e
In base 15, what is 35ca43 + -56?
35c9dc
In base 16, what is -f66 + 1ae?
-db8
In base 9, what is 27 - -106086617?
106086645
In base 4, what is -112331203 - 1132320?
-120130123
In base 4, what is 23213220 - 2001113?
21212101
In base 13, what is -5 + 277099?
277094
In base 10, what is -1420077 + -22?
-1420099
In base 4, what is 10 - 12233003301?
-12233003231
In base 9, what is 127740046 - -4?
127740051
In base 10, what is 557 - 25903?
-25346
In base 4, what is 10 - 100223021111?
-100223021101
In base 9, what is -32158162 + -8?
-32158171
In base 16, what is -4 - -2dc857?
2dc853
In base 14, what is -26 + b9901?
b98b9
In base 13, what is -16b01 + 3324?
-137aa
In base 10, what is 606947654 + -2?
606947652
In base 12, what is -160 + -1011?
-1171
In base 10, what is 3607 - -31779?
35386
In base 13, what is 1875c - -35?
18794
In base 15, what is 19a4 - 7611?
-5b5c
In base 15, what is -4 + -d9348?
-d934c
In base 4, what is -1010200 - -31330232?
30320032
In base 5, what is 2 - 200302223?
-200302221
In base 2, what is 101101 - -100000011111110100111?
100000011111111010100
In base 7, what is 215532 + 131?
215663
In base 4, what is 11132 + 32311?
110103
In base 14, what is -283b99 - 9?
-283ba4
In base 14, what is 58 - -5869b6?
586a30
In base 12, what is 11b68961 - -1?
11b68962
In base 9, what is 332430 - 31?
332388
In base 6, what is -341540233 - 3?
-341540240
In base 10, what is -1 + -36899149?
-36899150
In base 5, what is 14 - -100012223111?
100012223130
In base 11, what is -42a66 - 5a?
-43015
In base 16, what is 34b2 - 64e?
2e64
In base 11, what is 334 + -10609?
-10285
In base 4, what is 202020322322 + 1?
202020322323
In base 7, what is 30664662 - 23?
30664636
In base 8, what is -74 - 1210015?
-1210111
In base 10, what is 2604 + -19057?
-16453
In base 14, what is 31 - 4b2d?
-4adc
In base 10, what is -3 + 1475098?
1475095
In base 7, what is 525 + -236106?
-235251
In base 6, what is -10 + -31445405?
-31445415
In base 13, what is -5b3 - -51a18?
51435
In base 8, what is 6756 + 55327?
64305
In base 11, what is 5 - -446a1336?
446a1340
In base 8, what is 2543 - -535477?
540242
In base 16, what is 26cc01 + 0?
26cc01
In base 4, what is -1212202232031 - 0?
-1212202232031
In base 10, what is 7 + 2410586?
2410593
In base 10, what is 5 + 95169951?
95169956
In base 7, what is -20322136 - 153?
-20322322
In base 15, what is -337c + -1d0c?
-5189
In base 13, what is 101b93 + -14?
101b7c
In base 9, what is 2536 - 5515?
-2868
In base 15, what is 1a5510 + b2?
1a55c2
In base 4, what is 2001310230330 + 12?
2001310231002
In base 5, what is -130411124 + -11441?
-130423120
In base 5, what is -10133133 + -1011?
-10134144
In base 9, what is -80 + 3065346?
3065256
In base 6, what is -11212115145 - 4?
-11212115153
In base 2, what is 10011010000010111001 - 1?
10011010000010111000
In base 9, what is 2 + -174724141?
-174724138
In base 10, what is 58220640 - -9?
58220649
In base 15, what is 7a530 - 35?
7a4ea
In base 14, what is 17b68 - -148?
17cb2
In base 13, what is 7a6 + 5091?
5867
In base 15, what is -1480eb - 3c?
-148138
In base 13, what is 106c - 13ccb?
-12c5c
In base 5, what is -1144112 + -1010?
-1200122
In base 11, what is 213 + 21466?
21679
In base 16, what is -14a92 + b?
-14a87
In base 5, what is 411 - 230331?
-224420
In base 8, what is -17640716 + 26?
-17640670
In base 6, what is -3 + 125100525?
125100522
In base 11, what is 14464288 + 50?
14464328
In base 9, what is 267 + -124207?
-123830
In base 7, what is -46022055 + -3?
-46022061
In base 11, what is 175a8865 - -2?
175a8867
In base 2, what is 11011010 + 1000000100001?
1000011111011
In base 15, what is -4 + 46ecd?
46ec9
In base 4, what is -1012 + 10021111?
10020033
In base 14, what is 48 + -2b1d1?
-2b187
In base 5, what is -1044 - 10202033?
-10203132
In base 13, what is -2 + 2875b?
28759
In base 7, what is -1056 - 242232?
-243321
In base 3, what is 101221212 + -1100011221?
-221020002
In base 12, what is -26a057 + 6?
-26a051
In base 10, what is -344545 - -5?
-344540
In base 5, what is -20003 + 300130?
230122
In base 9, what is -62778 - -1026?
-61752
In base 7, what is 5235565230 + -1?
5235565226
In base 7, what is 115153542 + 40?
115153612
In base 9, what is -278228437 + 2?
-278228435
In base 3, what is 2 + -21102101121100?
-21102101121021
In base 5, what is 4 + -120420120244?
-120420120240
In base 9, what is -55067452 - 3?
-55067455
In base 9, what is -301835 + 4?
-301831
In base 15, what is 77 - 18d79?
-18d02
In base 15, what is 15839 + -67?
157c2
In base 6, what is 2 + -34332501454?
-34332501452
In base 12, what is 1672a4a - -3?
1672a51
In base 10, what is -25 + 1523353?
1523328
In base 12, what is 55 + 715960b?
7159664
In base 5, what is -22323 + 201332?
124004
In base 9, what is 32 - -13705873?
13706015
In base 3, what is -11 + -111101222212010?
-111101222212021
In base 14, what is 3a6a5d - 4?
3a6a59
In base 12, what is 17 + 110718?
110733
In base 15, what is 3bd - 1b591?
-1b1c3
In base 8, what is 0 + 2371733371?
2371733371
In base 6, what is -15050 - -1332234?
1313144
In base 16, what is -24 - -7b764?
7b740
In base 12, what is 4098b55 - 28?
4098b29
In base 2, what is 10100 + -111101001100001001?
-111101001011110101
In base 6, what is -134425041 - 1?
-134425042
In base 7, what is -24365456341 + 1?
-24365456340
In base 3, what is -102 + -202100000222200?
-202100001000002
In base 4, what is 110 + -3100300130232?
-3100300130122
In base 8, what is -613 - 41364?
-42177
In base 3, what is 0 + -1102111111021?
-1102111111021
In base 15, what is cd7 + 22ba?
30a2
In base 3, what is -11 - -20102022220?
20102022202
In base 12, what is 20b2499 + 5?
20b24a2
In base 9, what is -41862227 - 3?
-41862231
In base 16, what is